millions digit of 70085672?
7
What is the units digit of 144989743?
3
What is the hundred thousands digit of 5455066079?
0
What is the tens digit of 140926639?
3
What is the hundred millions digit of 1217606357?
2
What is the units digit of 294057233?
3
What is the ten thousands digit of 2055279039?
7
What is the tens digit of 186414392?
9
What is the ten millions digit of 108224922?
0
What is the ten millions digit of 182847904?
8
What is the ten thousands digit of 448409?
4
What is the hundreds digit of 6702008?
0
What is the hundreds digit of 259022099?
0
What is the ten thousands digit of 88751923?
5
What is the units digit of 131075257?
7
What is the hundreds digit of 97567304?
3
What is the ten thousands digit of 476333414?
3
What is the hundreds digit of 5633450448?
4
What is the hundred millions digit of 185361722?
1
What is the millions digit of 142074009?
2
What is the tens digit of 240440719?
1
What is the hundred millions digit of 5909659877?
9
What is the ten millions digit of 939150544?
3
What is the ten thousands digit of 46961591?
6
What is the tens digit of 645400339?
3
What is the units digit of 5062922421?
1
What is the thousands digit of 314064902?
4
What is the hundred thousands digit of 29761516?
7
What is the hundred thousands digit of 14784201?
7
What is the hundreds digit of 147940034?
0
What is the hundreds digit of 47800058?
0
What is the billions digit of 2670532162?
2
What is the ten thousands digit of 280871708?
7
What is the tens digit of 123833081?
8
What is the tens digit of 150252407?
0
What is the millions digit of 142237329?
2
What is the ten millions digit of 268525816?
6
What is the hundred thousands digit of 5004266018?
2
What is the hundreds digit of 16527605?
6
What is the ten thousands digit of 447521691?
2
What is the tens digit of 51324116?
1
What is the thousands digit of 58204451?
4
What is the millions digit of 167312613?
7
What is the ten millions digit of 4477094573?
7
What is the thousands digit of 39279444?
9
What is the units digit of 2437888248?
8
What is the units digit of 160349452?
2
What is the hundred thousands digit of 78637086?
6
What is the hundreds digit of 368644584?
5
What is the ten thousands digit of 99071740?
7
What is the ten millions digit of 15689761?
1
What is the ten millions digit of 411194071?
1
What is the hundred millions digit of 293706891?
2
What is the units digit of 631961897?
7
What is the billions digit of 3733830569?
3
What is the units digit of 133646845?
5
What is the thousands digit of 113893426?
3
What is the ten thousands digit of 205860031?
6
What is the ten millions digit of 198142062?
9
What is the ten millions digit of 290167395?
9
What is the units digit of 615983141?
1
What is the tens digit of 28771214?
1
What is the ten millions digit of 1006384531?
0
What is the ten millions digit of 168981479?
6
What is the tens digit of 68342308?
0
What is the hundred millions digit of 452664296?
4
What is the ten thousands digit of 908588645?
8
What is the units digit of 1984464438?
8
What is the thousands digit of 2637626546?
6
What is the millions digit of 3102561151?
2
What is the tens digit of 1066147619?
1
What is the hundreds digit of 271681167?
1
What is the hundred thousands digit of 53907736?
9
What is the tens digit of 234601252?
5
What is the ten thousands digit of 5976305090?
0
What is the millions digit of 6465162971?
5
What is the thousands digit of 2337846281?
6
What is the hundred millions digit of 413156783?
4
What is the millions digit of 140624585?
0
What is the ten millions digit of 2345181141?
4
What is the thousands digit of 69579626?
9
What is the ten thousands digit of 122795138?
9
What is the millions digit of 37316976?
7
What is the hundred thousands digit of 54589631?
5
What is the hundreds digit of 6566293123?
1
What is the ten millions digit of 241393391?
4
What is the hundreds digit of 76576620?
6
What is the ten millions digit of 25375515?
2
What is the millions digit of 314064172?
4
What is the ten millions digit of 2039375094?
3
What is the thousands digit of 37842109?
2
What is the units digit of 4197377343?
3
What is the ten millions digit of 193745865?
9
What is the hundred thousands digit of 53667312?
6
What is the tens digit of 62277091?
9
What is the thousands digit of 2213386690?
6
What is the ten thousands digit of 74215763?
1
What is the ten millions digit of 893968634?
9
What is the units digit of 43977148?
8
What is the ten millions digit of 56085804?
5
What is the hundred thousands digit of 2879448588?
4
What is the hundreds digit of 796340724?
7
What is the ten millions digit of 87931123?
8
What is the ten millions digit of 453096113?
5
What is the units digit of 327018811?
1
What is the hundred thousands digit of 60521497?
5
What is the ten millions digit of 409095459?
0
What is the ten millions digit of 511590064?
1
What is the units digit of 804507936?
6
What is the thousands digit of 7310953?
0
What is the millions digit of 748404554?
8
What is the millions digit of 18086763?
8
What is the ten thousands digit of 150618529?
1
What is the hundreds digit of 81932353?
3
What is the thousands digit of 158419627?
9
What is the tens digit of 711064144?
4
What is the thousands digit of 72316162?
6
What is the hundreds digit of 164830831?
8
What is the thousands digit of 7056447481?
7
What is the billions digit of 3063129800?
3
What is the hundreds digit of 1044807948?
9
What is the ten thousands digit of 178550633?
5
What is the hundreds digit of 35410938?
9
What is the tens digit of 31510669?
6
What is the hundred thousands digit of 64152515?
1
What is the hundred thousands digit of 25289980?
2
What is the hundred thousands digit of 3685167319?
1
What is the units digit of 1196599310?
0
What is the units digit of 263344587?
7
What is the ten millions digit of 3661782779?
6
What is the units digit of 52714544?
4
What is the thousands digit of 181863000?
3
What is the ten millions digit of 159935879?
5
What is the thousands digit of 2454276327?
6
What is the millions digit of 1288540393?
8
What is the thousands digit of 1217831933?
1
What is the ten millions digit of 42264965?
4
What is the ten thousands digit of 35552631?
5
What is the hundreds digit of 382402017?
0
What is the tens digit of 9301751?
5
What is the ten thousands digit of 62735841?
3
What is the hundred thousands digit of 571240722?
2
What is the millions digit of 75286177?
5
What is the thousands digit of 3520528571?
8
What is the hundred millions digit of 6521992896?
5
What is the tens digit of 27412927?
2
What is the hundreds digit of 1174601694?
6
What is the ten thousands digit of 196307031?
0
What is the thousands digit of 639909236?
9
What is the hundred thousands digit of 18321497?
3
What is the hundred thousands digit of 69752723?
7
What is the hundreds digit of 52042970?
9
What is the units digit of 15178261?
1
What is the hundreds digit of 1438741373?
3
What is the hundred thousands digit of 1922108558?
1
What is the units digit of 120940625?
5
What is the ten thousands digit of 2394776332?
7
What is the millions digit of 37643158?
7
What is the millions digit of 113953422?
3
What is the hundred thousands digit of 3011915419?
9
What is the hundred millions digit of 695533976?
6
What is the thousands digit of 81870069?
0
What is the ten millions digit of 18114727?
1
What is the ten millions digit of 49900564?
4
What is the thousands digit of 1464826185?
6
What is the hundreds digit of 195448520?
5
What is the thousands digit of 149936356?
6
What is the hundred thousands digit of 13154478?
1
What is the thousands digit of 26982089?
2
What is the tens digit of 643735?
3
What is the ten millions digit of 14945050?
1
What is the thousands digit of 146157557?
7
What is the tens digit of 70528517?
1
What is the millions digit of 37245843?
7
What is the ten thousands digit of 3803008112?
0
What is the tens digit of 121450471?
7
What is the ten millions digit of 175553955?
7
What is the thousands digit of 15909419?
9
What is the hundreds digit of 120638972?
9
What is the tens digit of 48798501?
0
What is the billions digit of 5633494235?
5
What is the units digit of 56148288?
8
What is the billions digit of 1085562418?
1
What is the hundred thousand